{"id":238,"date":"2022-08-02T12:32:22","date_gmt":"2022-08-02T12:32:22","guid":{"rendered":"https:\/\/atikundlozzi.de\/index.php\/impressum\/"},"modified":"2022-08-02T19:22:12","modified_gmt":"2022-08-02T19:22:12","slug":"impressum","status":"publish","type":"page","link":"https:\/\/atikundlozzi.de\/index.php\/impressum\/","title":{"rendered":"Impressum"},"content":{"rendered":"<h2>Impressum<\/h2>\n<h3>Angaben gem\u00e4\u00df \u00a7 5 TMG:<\/h3>\n<p>Pestalozzi-Stiftung Hamburg<br \/>\nStiftung b\u00fcrgerlichen Rechts, eingetragen in der Stiftungsregister der Senatskanzlei der Freien und Hansestadt Hamburg<\/p>\n<h3>Vertretungsberechtigter Vorstand:<\/h3>\n<p>Natja Berg, Kai Gosslar<\/p>\n<h3>Kontakt:<\/h3>\n<p>Brennerstr. 76<br \/>\n20099 Hamburg<br \/>\nTel. 040 \/ 63 90 14-0<br \/>\nFax 040 \/ 63 90 14-11<br \/>\nE-Mail: <a href=\"mailto:info@pestalozzi-hamburg.de\">info@pestalozzi-hamburg.de<br \/>\n<\/a><\/p>\n<h3>Aufsichtsbeh\u00f6rde:<\/h3>\n<p>Justizbeh\u00f6rde der Freien und Hansestadt Hamburg, Stiftungsangelegenheiten<\/p>\n<p>Wir sind nicht bereit oder verpflichtet, an Streitbeilegungsverfahren vor einer<br \/>\nVerbraucherschlichtungsstelle teilzunehmen.<\/p>\n<h3>Inhalte:<\/h3>\n<p>Webmaster: <a href=\"mailto:medien@pestalozzi-hamburg.de\">webmaster@pestalozzi-hamburg.de<\/a><br \/>\nGrafik, Layout, Konzept und Programmierung: <a href=\"https:\/\/www.hamburgwork.org\">www.hamburgwork.org<\/a><\/p>\n<p>Bilder: Pestalozzi-Stiftung Hamburg. Auf Startseite: Rawpixel.com, Pixabay.com<\/p>\n<h3>Datenschutz:<\/h3>\n<p>Wir nehmen den Schutz Ihrer pers\u00f6nlichen Daten sehr ernst. Wir behandeln Ihre personenbezogenen Daten vertraulich und entsprechend der gesetzlichen Datenschutzvorschriften und der <a href=\"http:\/\/pestalozzi-hamburg.de\/datenschutzerklaerung\/\">Datenschutzerkl\u00e4rung<\/a>.<\/p>\n<h3>Haftung f\u00fcr Inhalte:<\/h3>\n<p>Als Diensteanbieter sind wir gem\u00e4\u00df \u00a7 7 Abs.1 TMG f\u00fcr eigene Inhalte auf diesen Seiten nach den allgemeinen Gesetzen verantwortlich. Nach \u00a7\u00a7 8 bis 10 TMG sind wir als Diensteanbieter jedoch nicht verpflichtet, \u00fcbermittelte oder gespeicherte fremde Informationen zu \u00fcberwachen oder nach Umst\u00e4nden zu forschen, die auf eine rechtswidrige T\u00e4tigkeit hinweisen.<\/p>\n<p>Verpflichtungen zur Entfernung oder Sperrung der Nutzung von Informationen nach den allgemeinen Gesetzen bleiben hiervon unber\u00fchrt. Eine diesbez\u00fcgliche Haftung ist jedoch erst ab dem Zeitpunkt der Kenntnis einer konkreten Rechtsverletzung m\u00f6glich. Bei Bekanntwerden von entsprechenden Rechtsverletzungen werden wir diese Inhalte umgehend entfernen.<\/p>\n<p>Wir \u00fcbernehmen keinerlei Gew\u00e4hr f\u00fcr die Aktualit\u00e4t, Korrektheit, Vollst\u00e4ndigkeit oder Qualit\u00e4t der bereitgestellten Informationen. Haftungsanspr\u00fcche gegen uns, die sich auf Sch\u00e4den materieller oder ideeller Art beziehen, die durch die Nutzung oder Nichtnutzung der dargebotenen Informationen bzw. durch die Nutzung fehlerhafter und unvollst\u00e4ndiger Informationen verursacht wurden, sind grunds\u00e4tzlich ausgeschlossen, sofern unsererseits kein nachweislich vors\u00e4tzliches oder grob fahrl\u00e4ssiges Verschulden vorliegt.<\/p>\n<h3>Haftung f\u00fcr Links:<\/h3>\n<p>Unser Angebot enth\u00e4lt Links zu externen Webseiten Dritter, auf deren Inhalte wir keinen Einfluss haben. Deshalb k\u00f6nnen wir f\u00fcr diese fremden Inhalte auch keine Gew\u00e4hr \u00fcbernehmen. F\u00fcr die Inhalte der verlinkten Seiten ist stets der jeweilige Anbieter oder Betreiber der Seiten verantwortlich. Die verlinkten Seiten wurden zum Zeitpunkt der Verlinkung auf m\u00f6gliche Rechtsverst\u00f6\u00dfe \u00fcberpr\u00fcft. Rechtswidrige Inhalte waren zum Zeitpunkt der Verlinkung nicht erkennbar.<\/p>\n<p>Eine permanente inhaltliche Kontrolle der verlinkten Seiten ist jedoch ohne konkrete Anhaltspunkte einer Rechtsverletzung nicht zumutbar. Bei Bekanntwerden von Rechtsverletzungen werden wir derartige Links umgehend entfernen.<\/p>\n<h3>Urheberrecht:<\/h3>\n<p>Die durch die Seitenbetreiber erstellten Inhalte und Werke auf diesen Seiten unterliegen dem deutschen Urheberrecht. Die Vervielf\u00e4ltigung, Bearbeitung, Verbreitung und jede Art der Verwertung au\u00dferhalb der Grenzen des Urheberrechtes bed\u00fcrfen der schriftlichen Zustimmung des jeweiligen Autors bzw. Erstellers. Downloads und Kopien dieser Seite sind nur f\u00fcr den privaten, nicht kommerziellen Gebrauch gestattet.<\/p>\n<p>Soweit die Inhalte auf dieser Seite nicht vom Betreiber erstellt wurden, werden die Urheberrechte Dritter beachtet. Insbesondere werden Inhalte Dritter als solche gekennzeichnet. Sollten Sie trotzdem auf eine Urheberrechtsverletzung aufmerksam werden, bitten wir um einen entsprechenden Hinweis. Bei Bekanntwerden von Rechtsverletzungen werden wir derartige Inhalte umgehend entfernen.<\/p>\n","protected":false},"excerpt":{"rendered":"<p>Impressum Angaben gem\u00e4\u00df \u00a7 5 TMG: Pestalozzi-Stiftung Hamburg Stiftung b\u00fcrgerlichen Rechts, eingetragen in der Stiftungsregister der Senatskanzlei der Freien und Hansestadt Hamburg Vertretungsberechtigter Vorstand: Natja Berg, Kai Gosslar Kontakt: Brennerstr. 76 20099 Hamburg Tel. 040 \/ 63 90 14-0 Fax 040 \/ 63 90 14-11 E-Mail: info@pestalozzi-hamburg.de Aufsichtsbeh\u00f6rde: Justizbeh\u00f6rde der Freien und Hansestadt Hamburg, Stiftungsangelegenheiten [&hellip;]<\/p>\n","protected":false},"author":1,"featured_media":0,"parent":0,"menu_order":0,"comment_status":"closed","ping_status":"closed","template":"","meta":{"footnotes":""},"class_list":["post-238","page","type-page","status-publish","hentry"],"yoast_head":"<!-- This site is optimized with the Yoast SEO plugin v19.4 - https:\/\/yoast.com\/wordpress\/plugins\/seo\/ -->\n<title>Impressum - Atik und Lozzi<\/title>\n<meta name=\"robots\" content=\"index, follow, max-snippet:-1, max-image-preview:large, max-video-preview:-1\" \/>\n<link rel=\"canonical\" href=\"https:\/\/atikundlozzi.de\/index.php\/impressum\/\" \/>\n<meta property=\"og:locale\" content=\"de_DE\" \/>\n<meta property=\"og:type\" content=\"article\" \/>\n<meta property=\"og:title\" content=\"Impressum - Atik und Lozzi\" \/>\n<meta property=\"og:description\" content=\"Impressum Angaben gem\u00e4\u00df \u00a7 5 TMG: Pestalozzi-Stiftung Hamburg Stiftung b\u00fcrgerlichen Rechts, eingetragen in der Stiftungsregister der Senatskanzlei der Freien und Hansestadt Hamburg Vertretungsberechtigter Vorstand: Natja Berg, Kai Gosslar Kontakt: Brennerstr. 76 20099 Hamburg Tel. 040 \/ 63 90 14-0 Fax 040 \/ 63 90 14-11 E-Mail: info@pestalozzi-hamburg.de Aufsichtsbeh\u00f6rde: Justizbeh\u00f6rde der Freien und Hansestadt Hamburg, Stiftungsangelegenheiten [&hellip;]\" \/>\n<meta property=\"og:url\" content=\"https:\/\/atikundlozzi.de\/index.php\/impressum\/\" \/>\n<meta property=\"og:site_name\" content=\"Atik und Lozzi\" \/>\n<meta property=\"article:modified_time\" content=\"2022-08-02T19:22:12+00:00\" \/>\n<meta name=\"twitter:card\" content=\"summary_large_image\" \/>\n<meta name=\"twitter:label1\" content=\"Gesch\u00e4tzte Lesezeit\" \/>\n\t<meta name=\"twitter:data1\" content=\"2\u00a0Minuten\" \/>\n<script type=\"application\/ld+json\" class=\"yoast-schema-graph\">{\"@context\":\"https:\/\/schema.org\",\"@graph\":[{\"@type\":\"Organization\",\"@id\":\"https:\/\/atikundlozzi.de\/#organization\",\"name\":\"Atik und Lozzi\",\"url\":\"https:\/\/atikundlozzi.de\/\",\"sameAs\":[],\"logo\":{\"@type\":\"ImageObject\",\"inLanguage\":\"de\",\"@id\":\"https:\/\/atikundlozzi.de\/#\/schema\/logo\/image\/\",\"url\":\"https:\/\/atikundlozzi.de\/wp-content\/uploads\/2022\/08\/cropped-Atik_lozzi_alleine_klein.png\",\"contentUrl\":\"https:\/\/atikundlozzi.de\/wp-content\/uploads\/2022\/08\/cropped-Atik_lozzi_alleine_klein.png\",\"width\":557,\"height\":357,\"caption\":\"Atik und Lozzi\"},\"image\":{\"@id\":\"https:\/\/atikundlozzi.de\/#\/schema\/logo\/image\/\"}},{\"@type\":\"WebSite\",\"@id\":\"https:\/\/atikundlozzi.de\/#website\",\"url\":\"https:\/\/atikundlozzi.de\/\",\"name\":\"Atik und Lozzi\",\"description\":\"\",\"publisher\":{\"@id\":\"https:\/\/atikundlozzi.de\/#organization\"},\"potentialAction\":[{\"@type\":\"SearchAction\",\"target\":{\"@type\":\"EntryPoint\",\"urlTemplate\":\"https:\/\/atikundlozzi.de\/?s={search_term_string}\"},\"query-input\":\"required name=search_term_string\"}],\"inLanguage\":\"de\"},{\"@type\":\"WebPage\",\"@id\":\"https:\/\/atikundlozzi.de\/index.php\/impressum\/\",\"url\":\"https:\/\/atikundlozzi.de\/index.php\/impressum\/\",\"name\":\"Impressum - Atik und Lozzi\",\"isPartOf\":{\"@id\":\"https:\/\/atikundlozzi.de\/#website\"},\"datePublished\":\"2022-08-02T12:32:22+00:00\",\"dateModified\":\"2022-08-02T19:22:12+00:00\",\"breadcrumb\":{\"@id\":\"https:\/\/atikundlozzi.de\/index.php\/impressum\/#breadcrumb\"},\"inLanguage\":\"de\",\"potentialAction\":[{\"@type\":\"ReadAction\",\"target\":[\"https:\/\/atikundlozzi.de\/index.php\/impressum\/\"]}]},{\"@type\":\"BreadcrumbList\",\"@id\":\"https:\/\/atikundlozzi.de\/index.php\/impressum\/#breadcrumb\",\"itemListElement\":[{\"@type\":\"ListItem\",\"position\":1,\"name\":\"Startseite\",\"item\":\"https:\/\/atikundlozzi.de\/\"},{\"@type\":\"ListItem\",\"position\":2,\"name\":\"Impressum\"}]}]}<\/script>\n<!-- \/ Yoast SEO plugin. -->","yoast_head_json":{"title":"Impressum - Atik und Lozzi","robots":{"index":"index","follow":"follow","max-snippet":"max-snippet:-1","max-image-preview":"max-image-preview:large","max-video-preview":"max-video-preview:-1"},"canonical":"https:\/\/atikundlozzi.de\/index.php\/impressum\/","og_locale":"de_DE","og_type":"article","og_title":"Impressum - Atik und Lozzi","og_description":"Impressum Angaben gem\u00e4\u00df \u00a7 5 TMG: Pestalozzi-Stiftung Hamburg Stiftung b\u00fcrgerlichen Rechts, eingetragen in der Stiftungsregister der Senatskanzlei der Freien und Hansestadt Hamburg Vertretungsberechtigter Vorstand: Natja Berg, Kai Gosslar Kontakt: Brennerstr. 76 20099 Hamburg Tel. 040 \/ 63 90 14-0 Fax 040 \/ 63 90 14-11 E-Mail: info@pestalozzi-hamburg.de Aufsichtsbeh\u00f6rde: Justizbeh\u00f6rde der Freien und Hansestadt Hamburg, Stiftungsangelegenheiten [&hellip;]","og_url":"https:\/\/atikundlozzi.de\/index.php\/impressum\/","og_site_name":"Atik und Lozzi","article_modified_time":"2022-08-02T19:22:12+00:00","twitter_card":"summary_large_image","twitter_misc":{"Gesch\u00e4tzte Lesezeit":"2\u00a0Minuten"},"schema":{"@context":"https:\/\/schema.org","@graph":[{"@type":"Organization","@id":"https:\/\/atikundlozzi.de\/#organization","name":"Atik und Lozzi","url":"https:\/\/atikundlozzi.de\/","sameAs":[],"logo":{"@type":"ImageObject","inLanguage":"de","@id":"https:\/\/atikundlozzi.de\/#\/schema\/logo\/image\/","url":"https:\/\/atikundlozzi.de\/wp-content\/uploads\/2022\/08\/cropped-Atik_lozzi_alleine_klein.png","contentUrl":"https:\/\/atikundlozzi.de\/wp-content\/uploads\/2022\/08\/cropped-Atik_lozzi_alleine_klein.png","width":557,"height":357,"caption":"Atik und Lozzi"},"image":{"@id":"https:\/\/atikundlozzi.de\/#\/schema\/logo\/image\/"}},{"@type":"WebSite","@id":"https:\/\/atikundlozzi.de\/#website","url":"https:\/\/atikundlozzi.de\/","name":"Atik und Lozzi","description":"","publisher":{"@id":"https:\/\/atikundlozzi.de\/#organization"},"potentialAction":[{"@type":"SearchAction","target":{"@type":"EntryPoint","urlTemplate":"https:\/\/atikundlozzi.de\/?s={search_term_string}"},"query-input":"required name=search_term_string"}],"inLanguage":"de"},{"@type":"WebPage","@id":"https:\/\/atikundlozzi.de\/index.php\/impressum\/","url":"https:\/\/atikundlozzi.de\/index.php\/impressum\/","name":"Impressum - Atik und Lozzi","isPartOf":{"@id":"https:\/\/atikundlozzi.de\/#website"},"datePublished":"2022-08-02T12:32:22+00:00","dateModified":"2022-08-02T19:22:12+00:00","breadcrumb":{"@id":"https:\/\/atikundlozzi.de\/index.php\/impressum\/#breadcrumb"},"inLanguage":"de","potentialAction":[{"@type":"ReadAction","target":["https:\/\/atikundlozzi.de\/index.php\/impressum\/"]}]},{"@type":"BreadcrumbList","@id":"https:\/\/atikundlozzi.de\/index.php\/impressum\/#breadcrumb","itemListElement":[{"@type":"ListItem","position":1,"name":"Startseite","item":"https:\/\/atikundlozzi.de\/"},{"@type":"ListItem","position":2,"name":"Impressum"}]}]}},"_links":{"self":[{"href":"https:\/\/atikundlozzi.de\/index.php\/wp-json\/wp\/v2\/pages\/238","targetHints":{"allow":["GET"]}}],"collection":[{"href":"https:\/\/atikundlozzi.de\/index.php\/wp-json\/wp\/v2\/pages"}],"about":[{"href":"https:\/\/atikundlozzi.de\/index.php\/wp-json\/wp\/v2\/types\/page"}],"author":[{"embeddable":true,"href":"https:\/\/atikundlozzi.de\/index.php\/wp-json\/wp\/v2\/users\/1"}],"replies":[{"embeddable":true,"href":"https:\/\/atikundlozzi.de\/index.php\/wp-json\/wp\/v2\/comments?post=238"}],"version-history":[{"count":2,"href":"https:\/\/atikundlozzi.de\/index.php\/wp-json\/wp\/v2\/pages\/238\/revisions"}],"predecessor-version":[{"id":428,"href":"https:\/\/atikundlozzi.de\/index.php\/wp-json\/wp\/v2\/pages\/238\/revisions\/428"}],"wp:attachment":[{"href":"https:\/\/atikundlozzi.de\/index.php\/wp-json\/wp\/v2\/media?parent=238"}],"curies":[{"name":"wp","href":"https:\/\/api.w.org\/{rel}","templated":true}]}}